mber?
True
Let k(b) = b**3 - 7*b**2 + 8*b + 6. Let v be k(6). Suppose 3*r - 4*r = -v. Is 4622/r + (-26)/(-117) a composite number?
False
Let k(l) = -8*l**3 + 7*l**2 - 14*l + 10. Let m(j) = -23*j**3 + 21*j**2 - 42*j + 29. Let n(r) = 11*k(r) - 4*m(r). Is n(7) a prime number?
False
Suppose u - 86811 = -7*b + 8*b, 5*b = u - 86819. Is u prime?
False
Let z = 45657 - 4304. Is z a composite number?
True
Let y = -12158 - -19479. Is y a composite number?
False
Let b(x) = -5*x + 66. Let j be b(13). Is (64 - 65)/(1/(-233)*j) prime?
True
Suppose 2*n - 222 - 200 = 0. Suppose 3*c - 3223 = -2*a, 5*c - 5159 = -3*a + n. Let s = 1828 - c. Is s a prime number?
True
Suppose 26125 + 12081 = 2*c. Is c composite?
True
Let o = 18 + -12. Suppose -5*v + o*v - 5 = 0. Suppose -v*m = -2*k - 124, -3*m - 2*k = -4*k - 72. Is m composite?
True
Suppose -18*k + 3*k = -106815. Is k composite?
False
Let y(n) = 236*n**2 - 3*n - 7. Let v(d) = d**2 - d. Let w(h) = 2*v(h) + y(h). Is w(-2) composite?
True
Suppose 0 = 7*u + 810 - 15083. Is u composite?
False
Suppose -3*h = -32*h + 387643. Is h a prime number?
True
Is (48210/(-90))/((-1)/30*2) composite?
True
Let h = 3956 - 443. Is h composite?
True
Let f = -13 + 15. Suppose 3*y - 2395 = -f*y. Is y a prime number?
True
Let u(c) = -c**3 + 7*c**2 + 1. Let o be (-3)/(-9) + 34/6. Let k be u(o). Suppose 2*z = -4*p + 32 + 42, p = z - k. Is z composite?
False
Suppose -3*k + 10 = h - 6, -3*k - 8 = -5*h. Is h/(-22) + 16473/33 a prime number?
True
Let i(o) = 5969*o**2 - 4*o + 5. Is i(-2) a prime number?
False
Suppose 0 = -5*b + 2696 + 4109. Is b a composite number?
False
Let j be (-1)/3 - (-7810)/(-15). Let b = -284 - j. Is b a composite number?
True
Let f be -3 + 2*1772/8. Let h = 849 - f. Is h prime?
True
Suppose 2*l = -0*l. Suppose 20 = -i - 5*c, -4*i - 3*c - c - 16 = l. Suppose -g + b + 140 = 0, -5*b - 136 = -g - i*g. Is g a composite number?
True
Let k(z) = -162*z + 42319. Is k(0) a composite number?
True
Let p = 46 + -49. Is (958/1)/(p - -5) a composite number?
False
Let v(d) = 167*d - 3 + 223*d - 79*d. Let j be v(2). Suppose -5*k + 3059 = 2*l, -2*l - j = -4*k + 3*k. Is k a prime number?
True
Let u(h) = -2 + 88*h - 4 + 1 - 345*h. Is u(-2) a prime number?
True
Is 6/(-8) - (-5551328)/128 a composite number?
True
Is (14110/5 + 1)/3 composite?
False
Suppose 0 = 4*w - 222*m + 226*m - 49752, 0 = 5*w - 3*m - 62198. Is w composite?
True
Let c(k) = 11*k**2 - 24*k + 60. Is c(-13) a composite number?
True
Suppose 5*f - 13 = 2. Let z = 69 - 87. Is ((-182)/f)/(12/z) prime?
False
Let h = -27 - -18. Let w = 11 + h. Suppose -5*k + 5*c = -3260, k + 3*c + 650 = w*k. Is k prime?
True
Suppose p + 4*q - 2241 = 0, 2*q + 3*q - 6716 = -3*p. Is p a composite number?
False
Suppose 0 = 5*o + 2*k + 6, 2*k = 4*o + 2 - 8. Suppose 1827 = 5*h - o*h - i, -1093 = -3*h - i. Is h a prime number?
False
Let b(c) = 7*c**2 - 6*c - 77. Is b(38) composite?
False
Let y(h) = 6*h**3 - h**2 - 4*h + 1. Let w be y(5). Suppose 6*n + w = 8*n. Is n composite?
False
Let x(j) = 223*j + 56. Suppose -3*c = -0*m - 5*m - 20, 5*m = 4*c - 25. Is x(c) composite?
False
Suppose -2*a = -4, 3*p - 5*a + 2005 = 15072. Is p composite?
True
Is (1/(-2))/((-510442)/36460 + 14) prime?
False
Is (-3)/(81356/(-81323) - -1) composite?
False
Let d(o) = 25*o - 7. Let a(v) = -4*v + 9. Let p(x) = -17*x + 35. Let u(h) = -9*a(h) + 2*p(h). Let i be u(8). Is d(i) composite?
True
Let t(i) = i**2 - 5*i - 3. Let r be t(6). Let m(k) = 19*k - 2 - 1 - 4 + r. Is m(5) a composite number?
True
Let r(b) = -3*b**3 - 3*b**2 - b - 4. Let i(m) = -m**3 - 4*m**2 + 4*m + 3. Let f be i(-5). Suppose 0 = 4*n - 5*p - f, 2*p + 2 = n - 3. Is r(n) prime?
True
Let i = -3339 + 10894. Is i a prime number?
False
Let r = 2181 - 1108. Is r prime?
False
Let f(c) = 86*c**2 - 22*c + 31. Is f(11) composite?
True
Let f(g) = -g**3 - 7*g**2 - 8*g - 9. Let w be f(-6). Suppose w*a - a + 8 = 0. Is -5*(888/15)/a a composite number?
True
Let z(d) = 20*d**2 - 22*d + 21. Is z(10) composite?
False
Is (-105)/14*1842/(-9) composite?
True
Let i(w) = -18*w**2 + 12*w + 7. Let n(c) = -17*c**2 + 11*c + 6. Let t(a) = 2*i(a) - 3*n(a). Let j(o) be the first derivative of t(o). Is j(4) composite?
True
Suppose -5476 - 2394 = -2*j. Is j a composite number?
True
Let m = 17 + -12. Suppose -4 - m = 3*b. Let a = 18 + b. Is a a prime number?
False
Let w = 8 + -6. Let d(z) = 97*z**2 - 6*z - 7. Let i be d(-2). Suppose -w*l = -289 - i. Is l a prime number?
False
Is -4 + (72132/4 - 8) prime?
False
Suppose -4*c - 2*q - 3*q = -2405, 0 = 4*c + 3*q - 2411. Let u = c + 114. Is u composite?
False
Let f(o) = 30*o + 163. Let t be f(-11). Let y = -862 + 1328. Let m = t + y. Is m composite?
True
Let n(u) = 45*u - 10. Let x be n(-2). Let y = -163 + 106. Let d = y - x. Is d a prime number?
True
Suppose 7*t - 17586 = 16931. Is t a composite number?
False
Let i = 748 - -129. Is i a composite number?
False
Suppose -4*f + m + 19384 = 0, -5*f + 112*m - 117*m = -24255. Is f composite?
True
Suppose 35*x + 50 = 30*x. Let j = 99 + x. Is j a composite number?
False
Let d = -513 + 796. Suppose -5*i = -3899 + 1429. Let p = i - d. Is p prime?
True
Let b(l) = -38*l - 3. Let u(m) = -39*m - 4. Let x(j) = 2*b(j) - 3*u(j). Let i(c) = 40*c + 5. Let g(q) = -4*i(q) + 5*x(q). Is g(5) a prime number?
False
Suppose -757812 - 78405 = -27*w. Is w a composite number?
False
Let h(z) = 3226*z**2 - 1. Let d be h(1). Suppose -2*g - 5*j + d = 0, -5*g = -4*j + 3129 - 11208. Suppose 5*i = 2340 + g. Is i a prime number?
False
Let w(r) = 1 + r**3 - 3 + 6*r - 3. Let g be 7 + (-3 - 0) + 2. Is w(g) prime?
False
Suppose 2*g - 51947 = -2913. Is g composite?
False
Is (-30 + 31)/((-2)/(-102614)) composite?
False
Let p be 2/5 - 423/(-5). Let b = p + -139. Let j = b - -123. Is j composite?
True
Suppose 45*a - 49*a = -12652. Is a a prime number?
True
Let f(k) = 160*k - 2. Let v be f(1). Let b = -31 + v. Is b a composite number?
False
Let m = 19912 - 8354. Is m a prime number?
False
Let i be 32 + (2 - 2 - -3). Let m(a) = 6 + 3*a + 4*a**2 + 2*a - 3 + i*a**2. Is m(-2) a prime number?
True
Suppose 8*f - 12*f = -188. Let i = f + 260. Is i prime?
True
Let w = 36578 - 7547. Is w prime?
False
Suppose -4660 = -u + s + 2406, -5*s + 28291 = 4*u. Is u prime?
True
Suppose 5*o + 3*m = 27964, 0 = -4*o + 9*o + 5*m - 27970. Is o a prime number?
True
Suppose 2*x = -4*u + 32, -x = 2*x + 6. Suppose u*y = 11*y - 338. Is y composite?
True
Suppose 4*z = -0*p - p + 25, -3*z - 10 = -5*p. Let s be (p + -3)*(1 - 0). Suppose 0 = s*a - 0*a - 94. Is a prime?
True
Suppose -42*x - 130038 = -619968. Is x prime?
False
Let n(v) = 4*v**2 + 1. Let c be n(1). Let s(m) = c - 4 + 5*m + 78*m**2 - 3*m. Is s(-2) prime?
False
Let l(j) = -15012*j - 161. Is l(-1) a composite number?
False
Let u = 6152 - 3733. Is u prime?
False
Let a = 64125 + -37168. Is a prime?
False
Let u = -1354 + 3503. Is u a composite number?
True
Suppose 8*p - b - 3161 = 4*p, -3181 = -4*p + 5*b. Is p a prime number?
False
Let o(l) be the third derivative of -3*l**4/2 - 5*l**3/6 - 8*l**2. Let q = -10 - -4. Is o(q) prime?
True
Let s = 5454 + -2345. Is s composite?
False
Let c = -10 + 12. Suppose -c*x - 4*i + 294 = 0, -2*x + 197 = -4*i - 105. Is x a composite number?
False
Let m(q) = 2*q**2 + q - 76. Is m(27) a composite number?
False
Let c(l) be the first derivative of -l**3/3 + 9*l**2 + 19*l + 4. Is c(16) a composite number?
True
Let w be (18/12)/(6/(-8)). Let m be (135/(-4))/(w/8). Suppose 3*t + 328 = 5*j - m, 2*j = 5*t + 170. Is j composite?
True
Let r = -21 + 24. Let y(q) = q**r - 5*q**2 + q**2 - 3*q + 1 - 8. Is y(7) prime?
False
Let z be 0*2*(-2)/(-8). Let b(m) = m + 979. Is b(z) composite?
True
Let k = -10823 - -23620. Is k a prime number?
False
Let h be 40 + 0*5/(-30). Suppose 0 = h*f - 44*f + 1436. Is f a composite number?
False
Suppose 20 = -5*d + 4*h - 12, -h = 2*d + 5. Is (-4)/8*d + 1060/4 composite?
True
Suppose -4*l + 8*f + 851 = 3*f, 0 = -2*l - 3*f + 409. Let p = 414 - l. Is p prime?
False
Let r(k) = 936*k**3 + 6*k**2 - 2*k - 9. Is r(2) prime?
True
Let g(p) = 48*p**2 - 154*p + 97. Is g(24) prime?
True
Suppose 8572 - 1852 = -12*m. Is (-25)/5 + 2 - m prime?
True
Let m(b) = -407*b + 58. Is m(-8) composite?
True
Let b(p) be the third derivative of p**6/120 - 7*p**5/30 + 17*p**4/24 + 9*p**3/2 - 26*p**2. Is